{"version":"1.0","provider_name":"","provider_url":"https:\/\/www.apres-lecole.fr\/Blog","author_name":"Eva Martin","author_url":"https:\/\/www.apres-lecole.fr\/Blog\/author\/evamartin\/","title":"\u00c0 Paris, les directeurs d'\u00e9cole face \u00e0 un nouveau d\u00e9fi","type":"rich","width":600,"height":338,"html":"<blockquote class=\"wp-embedded-content\" data-secret=\"UH8P8DiOQN\"><a href=\"https:\/\/www.apres-lecole.fr\/Blog\/statut-directeurs-ecole-paris\/\">\u00c0 Paris, le statut exceptionnel des directeurs d&rsquo;\u00e9cole sous examen<\/a><\/blockquote><iframe sandbox=\"allow-scripts\" security=\"restricted\" src=\"https:\/\/www.apres-lecole.fr\/Blog\/statut-directeurs-ecole-paris\/embed\/#?secret=UH8P8DiOQN\" width=\"600\" height=\"338\" title=\"\u00ab\u00a0\u00c0 Paris, le statut exceptionnel des directeurs d&rsquo;\u00e9cole sous examen\u00a0\u00bb &#8212; \" data-secret=\"UH8P8DiOQN\" frameborder=\"0\" marginwidth=\"0\" marginheight=\"0\" scrolling=\"no\" class=\"wp-embedded-content\"><\/iframe><script>\n\/*! This file is auto-generated *\/\n!function(d,l){\"use strict\";l.querySelector&&d.addEventListener&&\"undefined\"!=typeof URL&&(d.wp=d.wp||{},d.wp.receiveEmbedMessage||(d.wp.receiveEmbedMessage=function(e){var t=e.data;if((t||t.secret||t.message||t.value)&&!\/[^a-zA-Z0-9]\/.test(t.secret)){for(var s,r,n,a=l.querySelectorAll('iframe[data-secret=\"'+t.secret+'\"]'),o=l.querySelectorAll('blockquote[data-secret=\"'+t.secret+'\"]'),c=new RegExp(\"^https?:$\",\"i\"),i=0;i<o.length;i++)o[i].style.display=\"none\";for(i=0;i<a.length;i++)s=a[i],e.source===s.contentWindow&&(s.removeAttribute(\"style\"),\"height\"===t.message?(1e3<(r=parseInt(t.value,10))?r=1e3:~~r<200&&(r=200),s.height=r):\"link\"===t.message&&(r=new URL(s.getAttribute(\"src\")),n=new URL(t.value),c.test(n.protocol))&&n.host===r.host&&l.activeElement===s&&(d.top.location.href=t.value))}},d.addEventListener(\"message\",d.wp.receiveEmbedMessage,!1),l.addEventListener(\"DOMContentLoaded\",function(){for(var e,t,s=l.querySelectorAll(\"iframe.wp-embedded-content\"),r=0;r<s.length;r++)(t=(e=s[r]).getAttribute(\"data-secret\"))||(t=Math.random().toString(36).substring(2,12),e.src+=\"#?secret=\"+t,e.setAttribute(\"data-secret\",t)),e.contentWindow.postMessage({message:\"ready\",secret:t},\"*\")},!1)))}(window,document);\n\/\/# sourceURL=https:\/\/www.apres-lecole.fr\/Blog\/wp-includes\/js\/wp-embed.min.js\n<\/script>\n","thumbnail_url":"https:\/\/www.apres-lecole.fr\/Blog\/wp-content\/uploads\/2025\/04\/A-Paris-le-statut-exceptionnel-des-directeurs-decole-sous-examen.jpg","thumbnail_width":1344,"thumbnail_height":768,"description":"D\u00e9couvrez comment le statut exceptionnel des directeurs d'\u00e9cole \u00e0 Paris est actuellement examin\u00e9. Plong\u00e9e dans les enjeux et perspectives de cette r\u00e9flexion qui pourrait transformer la direction scolaire dans la capitale. Restez inform\u00e9 des derni\u00e8res \u00e9volutions et analyses sur ce sujet crucial pour l'\u00e9ducation."}

À Paris, les directeurs d'école face à un nouveau défi

<blockquote class="wp-embedded-content" data-secret="UH8P8DiOQN"><a href="https://www.apres-lecole.fr/Blog/statut-directeurs-ecole-paris/">À Paris, le statut exceptionnel des directeurs d&rsquo;école sous examen</a></blockquote><iframe sandbox="allow-scripts" security="restricted" src="https://www.apres-lecole.fr/Blog/statut-directeurs-ecole-paris/embed/#?secret=UH8P8DiOQN" width="600" height="338" title="« À Paris, le statut exceptionnel des directeurs d&rsquo;école sous examen » &#8212; " data-secret="UH8P8DiOQN" frameborder="0" marginwidth="0" marginheight="0" scrolling="no" class="wp-embedded-content"></iframe><script>
/*! This file is auto-generated */
!function(d,l){"use strict";l.querySelector&&d.addEventListener&&"undefined"!=typeof URL&&(d.wp=d.wp||{},d.wp.receiveEmbedMessage||(d.wp.receiveEmbedMessage=function(e){var t=e.data;if((t||t.secret||t.message||t.value)&&!/[^a-zA-Z0-9]/.test(t.secret)){for(var s,r,n,a=l.querySelectorAll('iframe[data-secret="'+t.secret+'"]'),o=l.querySelectorAll('blockquote[data-secret="'+t.secret+'"]'),c=new RegExp("^https?:$","i"),i=0;i<o.length;i++)o[i].style.display="none";for(i=0;i<a.length;i++)s=a[i],e.source===s.contentWindow&&(s.removeAttribute("style"),"height"===t.message?(1e3<(r=parseInt(t.value,10))?r=1e3:~~r<200&&(r=200),s.height=r):"link"===t.message&&(r=new URL(s.getAttribute("src")),n=new URL(t.value),c.test(n.protocol))&&n.host===r.host&&l.activeElement===s&&(d.top.location.href=t.value))}},d.addEventListener("message",d.wp.receiveEmbedMessage,!1),l.addEventListener("DOMContentLoaded",function(){for(var e,t,s=l.querySelectorAll("iframe.wp-embedded-content"),r=0;r<s.length;r++)(t=(e=s[r]).getAttribute("data-secret"))||(t=Math.random().toString(36).substring(2,12),e.src+="#?secret="+t,e.setAttribute("data-secret",t)),e.contentWindow.postMessage({message:"ready",secret:t},"*")},!1)))}(window,document);
//# sourceURL=https://www.apres-lecole.fr/Blog/wp-includes/js/wp-embed.min.js
</script>

Découvrez comment le statut exceptionnel des directeurs d'école à Paris est actuellement examiné. Plongée dans les enjeux et perspectives de cette réflexion qui pourrait transformer la direction scolaire dans la capitale. Restez informé des dernières évolutions et analyses sur ce sujet crucial pour l'éducation.
