{"version":"1.0","provider_name":"","provider_url":"https:\/\/www.apres-lecole.fr\/Blog","author_name":"Eva Martin","author_url":"https:\/\/www.apres-lecole.fr\/Blog\/author\/evamartin\/","title":"\u00c0 Penne-d\u2019Agenais, l'\u00e9cole inclusive au service de tous les enfants","type":"rich","width":600,"height":338,"html":"<blockquote class=\"wp-embedded-content\" data-secret=\"sMy1gEgmVW\"><a href=\"https:\/\/www.apres-lecole.fr\/Blog\/projet-ecole-inclusive-penne\/\">\u00c0 Penne-d\u2019Agenais, un projet d\u2019\u00e9cole inclusive profite \u00e0 tous les enfants, pas seulement \u00e0 ceux en situation de handicap<\/a><\/blockquote><iframe sandbox=\"allow-scripts\" security=\"restricted\" src=\"https:\/\/www.apres-lecole.fr\/Blog\/projet-ecole-inclusive-penne\/embed\/#?secret=sMy1gEgmVW\" width=\"600\" height=\"338\" title=\"\u00ab\u00a0\u00c0 Penne-d\u2019Agenais, un projet d\u2019\u00e9cole inclusive profite \u00e0 tous les enfants, pas seulement \u00e0 ceux en situation de handicap\u00a0\u00bb &#8212; \" data-secret=\"sMy1gEgmVW\" frameborder=\"0\" marginwidth=\"0\" marginheight=\"0\" scrolling=\"no\" class=\"wp-embedded-content\"><\/iframe><script>\n\/*! This file is auto-generated *\/\n!function(d,l){\"use strict\";l.querySelector&&d.addEventListener&&\"undefined\"!=typeof URL&&(d.wp=d.wp||{},d.wp.receiveEmbedMessage||(d.wp.receiveEmbedMessage=function(e){var t=e.data;if((t||t.secret||t.message||t.value)&&!\/[^a-zA-Z0-9]\/.test(t.secret)){for(var s,r,n,a=l.querySelectorAll('iframe[data-secret=\"'+t.secret+'\"]'),o=l.querySelectorAll('blockquote[data-secret=\"'+t.secret+'\"]'),c=new RegExp(\"^https?:$\",\"i\"),i=0;i<o.length;i++)o[i].style.display=\"none\";for(i=0;i<a.length;i++)s=a[i],e.source===s.contentWindow&&(s.removeAttribute(\"style\"),\"height\"===t.message?(1e3<(r=parseInt(t.value,10))?r=1e3:~~r<200&&(r=200),s.height=r):\"link\"===t.message&&(r=new URL(s.getAttribute(\"src\")),n=new URL(t.value),c.test(n.protocol))&&n.host===r.host&&l.activeElement===s&&(d.top.location.href=t.value))}},d.addEventListener(\"message\",d.wp.receiveEmbedMessage,!1),l.addEventListener(\"DOMContentLoaded\",function(){for(var e,t,s=l.querySelectorAll(\"iframe.wp-embedded-content\"),r=0;r<s.length;r++)(t=(e=s[r]).getAttribute(\"data-secret\"))||(t=Math.random().toString(36).substring(2,12),e.src+=\"#?secret=\"+t,e.setAttribute(\"data-secret\",t)),e.contentWindow.postMessage({message:\"ready\",secret:t},\"*\")},!1)))}(window,document);\n\/\/# sourceURL=https:\/\/www.apres-lecole.fr\/Blog\/wp-includes\/js\/wp-embed.min.js\n<\/script>\n","thumbnail_url":"https:\/\/www.apres-lecole.fr\/Blog\/wp-content\/uploads\/2025\/04\/A-Penne-dAgenais-un-projet-decole-inclusive-profite-a-tous-les-enfants-pas-seulement-a-ceux-en-situation-de-handicap.jpg","thumbnail_width":1344,"thumbnail_height":768,"description":"D\u00e9couvrez comment le projet d'\u00e9cole inclusive \u00e0 Penne-d'Agenais transforme l'\u00e9ducation pour tous les enfants, en favorisant l'int\u00e9gration et le respect des diff\u00e9rences. Un mod\u00e8le \u00e9ducatif qui b\u00e9n\u00e9ficie non seulement aux \u00e9l\u00e8ves en situation de handicap, mais aussi \u00e0 l'ensemble de la communaut\u00e9 scolaire."}

À Penne-d’Agenais, l'école inclusive au service de tous les enfants

<blockquote class="wp-embedded-content" data-secret="sMy1gEgmVW"><a href="https://www.apres-lecole.fr/Blog/projet-ecole-inclusive-penne/">À Penne-d’Agenais, un projet d’école inclusive profite à tous les enfants, pas seulement à ceux en situation de handicap</a></blockquote><iframe sandbox="allow-scripts" security="restricted" src="https://www.apres-lecole.fr/Blog/projet-ecole-inclusive-penne/embed/#?secret=sMy1gEgmVW" width="600" height="338" title="« À Penne-d’Agenais, un projet d’école inclusive profite à tous les enfants, pas seulement à ceux en situation de handicap » &#8212; " data-secret="sMy1gEgmVW" frameborder="0" marginwidth="0" marginheight="0" scrolling="no" class="wp-embedded-content"></iframe><script>
/*! This file is auto-generated */
!function(d,l){"use strict";l.querySelector&&d.addEventListener&&"undefined"!=typeof URL&&(d.wp=d.wp||{},d.wp.receiveEmbedMessage||(d.wp.receiveEmbedMessage=function(e){var t=e.data;if((t||t.secret||t.message||t.value)&&!/[^a-zA-Z0-9]/.test(t.secret)){for(var s,r,n,a=l.querySelectorAll('iframe[data-secret="'+t.secret+'"]'),o=l.querySelectorAll('blockquote[data-secret="'+t.secret+'"]'),c=new RegExp("^https?:$","i"),i=0;i<o.length;i++)o[i].style.display="none";for(i=0;i<a.length;i++)s=a[i],e.source===s.contentWindow&&(s.removeAttribute("style"),"height"===t.message?(1e3<(r=parseInt(t.value,10))?r=1e3:~~r<200&&(r=200),s.height=r):"link"===t.message&&(r=new URL(s.getAttribute("src")),n=new URL(t.value),c.test(n.protocol))&&n.host===r.host&&l.activeElement===s&&(d.top.location.href=t.value))}},d.addEventListener("message",d.wp.receiveEmbedMessage,!1),l.addEventListener("DOMContentLoaded",function(){for(var e,t,s=l.querySelectorAll("iframe.wp-embedded-content"),r=0;r<s.length;r++)(t=(e=s[r]).getAttribute("data-secret"))||(t=Math.random().toString(36).substring(2,12),e.src+="#?secret="+t,e.setAttribute("data-secret",t)),e.contentWindow.postMessage({message:"ready",secret:t},"*")},!1)))}(window,document);
//# sourceURL=https://www.apres-lecole.fr/Blog/wp-includes/js/wp-embed.min.js
</script>

Découvrez comment le projet d'école inclusive à Penne-d'Agenais transforme l'éducation pour tous les enfants, en favorisant l'intégration et le respect des différences. Un modèle éducatif qui bénéficie non seulement aux élèves en situation de handicap, mais aussi à l'ensemble de la communauté scolaire.
