{"version":"1.0","provider_name":"","provider_url":"https:\/\/www.apres-lecole.fr\/Blog","author_name":"Eva Martin","author_url":"https:\/\/www.apres-lecole.fr\/Blog\/author\/evamartin\/","title":"Manquer l'\u00e9cole : les week-ends prolong\u00e9s de mai, ou pas ?","type":"rich","width":600,"height":338,"html":"<blockquote class=\"wp-embedded-content\" data-secret=\"xUQ7kmuzzp\"><a href=\"https:\/\/www.apres-lecole.fr\/Blog\/manquer-ecole-weekends-mai\/\">est-il acceptable de faire manquer l&rsquo;\u00e9cole \u00e0 ses enfants pendant les week-ends prolong\u00e9s de mai ?<\/a><\/blockquote><iframe sandbox=\"allow-scripts\" security=\"restricted\" src=\"https:\/\/www.apres-lecole.fr\/Blog\/manquer-ecole-weekends-mai\/embed\/#?secret=xUQ7kmuzzp\" width=\"600\" height=\"338\" title=\"\u00ab\u00a0est-il acceptable de faire manquer l&rsquo;\u00e9cole \u00e0 ses enfants pendant les week-ends prolong\u00e9s de mai ?\u00a0\u00bb &#8212; \" data-secret=\"xUQ7kmuzzp\" frameborder=\"0\" marginwidth=\"0\" marginheight=\"0\" scrolling=\"no\" class=\"wp-embedded-content\"><\/iframe><script>\n\/*! This file is auto-generated *\/\n!function(d,l){\"use strict\";l.querySelector&&d.addEventListener&&\"undefined\"!=typeof URL&&(d.wp=d.wp||{},d.wp.receiveEmbedMessage||(d.wp.receiveEmbedMessage=function(e){var t=e.data;if((t||t.secret||t.message||t.value)&&!\/[^a-zA-Z0-9]\/.test(t.secret)){for(var s,r,n,a=l.querySelectorAll('iframe[data-secret=\"'+t.secret+'\"]'),o=l.querySelectorAll('blockquote[data-secret=\"'+t.secret+'\"]'),c=new RegExp(\"^https?:$\",\"i\"),i=0;i<o.length;i++)o[i].style.display=\"none\";for(i=0;i<a.length;i++)s=a[i],e.source===s.contentWindow&&(s.removeAttribute(\"style\"),\"height\"===t.message?(1e3<(r=parseInt(t.value,10))?r=1e3:~~r<200&&(r=200),s.height=r):\"link\"===t.message&&(r=new URL(s.getAttribute(\"src\")),n=new URL(t.value),c.test(n.protocol))&&n.host===r.host&&l.activeElement===s&&(d.top.location.href=t.value))}},d.addEventListener(\"message\",d.wp.receiveEmbedMessage,!1),l.addEventListener(\"DOMContentLoaded\",function(){for(var e,t,s=l.querySelectorAll(\"iframe.wp-embedded-content\"),r=0;r<s.length;r++)(t=(e=s[r]).getAttribute(\"data-secret\"))||(t=Math.random().toString(36).substring(2,12),e.src+=\"#?secret=\"+t,e.setAttribute(\"data-secret\",t)),e.contentWindow.postMessage({message:\"ready\",secret:t},\"*\")},!1)))}(window,document);\n\/\/# sourceURL=https:\/\/www.apres-lecole.fr\/Blog\/wp-includes\/js\/wp-embed.min.js\n<\/script>\n","thumbnail_url":"https:\/\/www.apres-lecole.fr\/Blog\/wp-content\/uploads\/2025\/04\/est-il-acceptable-de-faire-manquer-lecole-a-ses-enfants-pendant-les-week-ends-prolonges-de-mai-.jpg","thumbnail_width":1344,"thumbnail_height":768,"description":"D\u00e9couvrez s'il est acceptable de faire manquer l'\u00e9cole \u00e0 vos enfants pendant les week-ends prolong\u00e9s de mai. Cet article examine les implications \u00e9ducatives et l\u00e9gales, et vous aide \u00e0 peser le pour et le contre d'une absence scolaire pour profiter de moments en famille."}

Manquer l'école : les week-ends prolongés de mai, ou pas ?

<blockquote class="wp-embedded-content" data-secret="xUQ7kmuzzp"><a href="https://www.apres-lecole.fr/Blog/manquer-ecole-weekends-mai/">est-il acceptable de faire manquer l&rsquo;école à ses enfants pendant les week-ends prolongés de mai ?</a></blockquote><iframe sandbox="allow-scripts" security="restricted" src="https://www.apres-lecole.fr/Blog/manquer-ecole-weekends-mai/embed/#?secret=xUQ7kmuzzp" width="600" height="338" title="« est-il acceptable de faire manquer l&rsquo;école à ses enfants pendant les week-ends prolongés de mai ? » &#8212; " data-secret="xUQ7kmuzzp" frameborder="0" marginwidth="0" marginheight="0" scrolling="no" class="wp-embedded-content"></iframe><script>
/*! This file is auto-generated */
!function(d,l){"use strict";l.querySelector&&d.addEventListener&&"undefined"!=typeof URL&&(d.wp=d.wp||{},d.wp.receiveEmbedMessage||(d.wp.receiveEmbedMessage=function(e){var t=e.data;if((t||t.secret||t.message||t.value)&&!/[^a-zA-Z0-9]/.test(t.secret)){for(var s,r,n,a=l.querySelectorAll('iframe[data-secret="'+t.secret+'"]'),o=l.querySelectorAll('blockquote[data-secret="'+t.secret+'"]'),c=new RegExp("^https?:$","i"),i=0;i<o.length;i++)o[i].style.display="none";for(i=0;i<a.length;i++)s=a[i],e.source===s.contentWindow&&(s.removeAttribute("style"),"height"===t.message?(1e3<(r=parseInt(t.value,10))?r=1e3:~~r<200&&(r=200),s.height=r):"link"===t.message&&(r=new URL(s.getAttribute("src")),n=new URL(t.value),c.test(n.protocol))&&n.host===r.host&&l.activeElement===s&&(d.top.location.href=t.value))}},d.addEventListener("message",d.wp.receiveEmbedMessage,!1),l.addEventListener("DOMContentLoaded",function(){for(var e,t,s=l.querySelectorAll("iframe.wp-embedded-content"),r=0;r<s.length;r++)(t=(e=s[r]).getAttribute("data-secret"))||(t=Math.random().toString(36).substring(2,12),e.src+="#?secret="+t,e.setAttribute("data-secret",t)),e.contentWindow.postMessage({message:"ready",secret:t},"*")},!1)))}(window,document);
//# sourceURL=https://www.apres-lecole.fr/Blog/wp-includes/js/wp-embed.min.js
</script>

Découvrez s'il est acceptable de faire manquer l'école à vos enfants pendant les week-ends prolongés de mai. Cet article examine les implications éducatives et légales, et vous aide à peser le pour et le contre d'une absence scolaire pour profiter de moments en famille.
