{"version":"1.0","provider_name":"","provider_url":"https:\/\/www.apres-lecole.fr\/Blog","author_name":"Eva Martin","author_url":"https:\/\/www.apres-lecole.fr\/Blog\/author\/evamartin\/","title":"Lyon : la mairie sous le feu des critiques pour l'exploitation d'un gardien d'\u00e9cole","type":"rich","width":600,"height":338,"html":"<blockquote class=\"wp-embedded-content\" data-secret=\"Lbk7q9Upc2\"><a href=\"https:\/\/www.apres-lecole.fr\/Blog\/mairie-lyon-sanction-garde\/\">La mairie de Lyon sanctionn\u00e9e pour avoir exploit\u00e9 un gardien d&rsquo;\u00e9cole en \u00e9change d&rsquo;un logement<\/a><\/blockquote><iframe sandbox=\"allow-scripts\" security=\"restricted\" src=\"https:\/\/www.apres-lecole.fr\/Blog\/mairie-lyon-sanction-garde\/embed\/#?secret=Lbk7q9Upc2\" width=\"600\" height=\"338\" title=\"\u00ab\u00a0La mairie de Lyon sanctionn\u00e9e pour avoir exploit\u00e9 un gardien d&rsquo;\u00e9cole en \u00e9change d&rsquo;un logement\u00a0\u00bb &#8212; \" data-secret=\"Lbk7q9Upc2\" frameborder=\"0\" marginwidth=\"0\" marginheight=\"0\" scrolling=\"no\" class=\"wp-embedded-content\"><\/iframe><script>\n\/*! This file is auto-generated *\/\n!function(d,l){\"use strict\";l.querySelector&&d.addEventListener&&\"undefined\"!=typeof URL&&(d.wp=d.wp||{},d.wp.receiveEmbedMessage||(d.wp.receiveEmbedMessage=function(e){var t=e.data;if((t||t.secret||t.message||t.value)&&!\/[^a-zA-Z0-9]\/.test(t.secret)){for(var s,r,n,a=l.querySelectorAll('iframe[data-secret=\"'+t.secret+'\"]'),o=l.querySelectorAll('blockquote[data-secret=\"'+t.secret+'\"]'),c=new RegExp(\"^https?:$\",\"i\"),i=0;i<o.length;i++)o[i].style.display=\"none\";for(i=0;i<a.length;i++)s=a[i],e.source===s.contentWindow&&(s.removeAttribute(\"style\"),\"height\"===t.message?(1e3<(r=parseInt(t.value,10))?r=1e3:~~r<200&&(r=200),s.height=r):\"link\"===t.message&&(r=new URL(s.getAttribute(\"src\")),n=new URL(t.value),c.test(n.protocol))&&n.host===r.host&&l.activeElement===s&&(d.top.location.href=t.value))}},d.addEventListener(\"message\",d.wp.receiveEmbedMessage,!1),l.addEventListener(\"DOMContentLoaded\",function(){for(var e,t,s=l.querySelectorAll(\"iframe.wp-embedded-content\"),r=0;r<s.length;r++)(t=(e=s[r]).getAttribute(\"data-secret\"))||(t=Math.random().toString(36).substring(2,12),e.src+=\"#?secret=\"+t,e.setAttribute(\"data-secret\",t)),e.contentWindow.postMessage({message:\"ready\",secret:t},\"*\")},!1)))}(window,document);\n\/\/# sourceURL=https:\/\/www.apres-lecole.fr\/Blog\/wp-includes\/js\/wp-embed.min.js\n<\/script>\n","thumbnail_url":"https:\/\/www.apres-lecole.fr\/Blog\/wp-content\/uploads\/2025\/04\/La-mairie-de-Lyon-sanctionnee-pour-avoir-exploite-un-gardien-decole-en-echange-dun-logement.jpg","thumbnail_width":1344,"thumbnail_height":768,"description":"D\u00e9couvrez comment la mairie de Lyon a \u00e9t\u00e9 sanctionn\u00e9e pour avoir exploit\u00e9 un gardien d'\u00e9cole en \u00e9change d'un logement. Cette affaire soul\u00e8ve des questions importantes sur le droit du travail et la protection des employ\u00e9s dans le secteur public. Informez-vous sur les d\u00e9tails de cette situation et ses implications pour la ville de Lyon."}

Lyon : la mairie sous le feu des critiques pour l'exploitation d'un gardien d'école

<blockquote class="wp-embedded-content" data-secret="Lbk7q9Upc2"><a href="https://www.apres-lecole.fr/Blog/mairie-lyon-sanction-garde/">La mairie de Lyon sanctionnée pour avoir exploité un gardien d&rsquo;école en échange d&rsquo;un logement</a></blockquote><iframe sandbox="allow-scripts" security="restricted" src="https://www.apres-lecole.fr/Blog/mairie-lyon-sanction-garde/embed/#?secret=Lbk7q9Upc2" width="600" height="338" title="« La mairie de Lyon sanctionnée pour avoir exploité un gardien d&rsquo;école en échange d&rsquo;un logement » &#8212; " data-secret="Lbk7q9Upc2" frameborder="0" marginwidth="0" marginheight="0" scrolling="no" class="wp-embedded-content"></iframe><script>
/*! This file is auto-generated */
!function(d,l){"use strict";l.querySelector&&d.addEventListener&&"undefined"!=typeof URL&&(d.wp=d.wp||{},d.wp.receiveEmbedMessage||(d.wp.receiveEmbedMessage=function(e){var t=e.data;if((t||t.secret||t.message||t.value)&&!/[^a-zA-Z0-9]/.test(t.secret)){for(var s,r,n,a=l.querySelectorAll('iframe[data-secret="'+t.secret+'"]'),o=l.querySelectorAll('blockquote[data-secret="'+t.secret+'"]'),c=new RegExp("^https?:$","i"),i=0;i<o.length;i++)o[i].style.display="none";for(i=0;i<a.length;i++)s=a[i],e.source===s.contentWindow&&(s.removeAttribute("style"),"height"===t.message?(1e3<(r=parseInt(t.value,10))?r=1e3:~~r<200&&(r=200),s.height=r):"link"===t.message&&(r=new URL(s.getAttribute("src")),n=new URL(t.value),c.test(n.protocol))&&n.host===r.host&&l.activeElement===s&&(d.top.location.href=t.value))}},d.addEventListener("message",d.wp.receiveEmbedMessage,!1),l.addEventListener("DOMContentLoaded",function(){for(var e,t,s=l.querySelectorAll("iframe.wp-embedded-content"),r=0;r<s.length;r++)(t=(e=s[r]).getAttribute("data-secret"))||(t=Math.random().toString(36).substring(2,12),e.src+="#?secret="+t,e.setAttribute("data-secret",t)),e.contentWindow.postMessage({message:"ready",secret:t},"*")},!1)))}(window,document);
//# sourceURL=https://www.apres-lecole.fr/Blog/wp-includes/js/wp-embed.min.js
</script>

Découvrez comment la mairie de Lyon a été sanctionnée pour avoir exploité un gardien d'école en échange d'un logement. Cette affaire soulève des questions importantes sur le droit du travail et la protection des employés dans le secteur public. Informez-vous sur les détails de cette situation et ses implications pour la ville de Lyon.
