{"version":"1.0","provider_name":"","provider_url":"https:\/\/www.apres-lecole.fr\/Blog","author_name":"Eva Martin","author_url":"https:\/\/www.apres-lecole.fr\/Blog\/author\/evamartin\/","title":"\u00c0 Guipry-Messac, les enjeux de l'inclusion scolaire face aux ressources limit\u00e9es","type":"rich","width":600,"height":338,"html":"<blockquote class=\"wp-embedded-content\" data-secret=\"oHylJ0ed9n\"><a href=\"https:\/\/www.apres-lecole.fr\/Blog\/inclusion-scolaire-guipry-messac\/\">\u00c0 Guipry-Messac, 200 professionnels discutent des d\u00e9fis de l&rsquo;inclusion scolaire face aux manques de ressources<\/a><\/blockquote><iframe sandbox=\"allow-scripts\" security=\"restricted\" src=\"https:\/\/www.apres-lecole.fr\/Blog\/inclusion-scolaire-guipry-messac\/embed\/#?secret=oHylJ0ed9n\" width=\"600\" height=\"338\" title=\"\u00ab\u00a0\u00c0 Guipry-Messac, 200 professionnels discutent des d\u00e9fis de l&rsquo;inclusion scolaire face aux manques de ressources\u00a0\u00bb &#8212; \" data-secret=\"oHylJ0ed9n\" frameborder=\"0\" marginwidth=\"0\" marginheight=\"0\" scrolling=\"no\" class=\"wp-embedded-content\"><\/iframe><script>\n\/*! This file is auto-generated *\/\n!function(d,l){\"use strict\";l.querySelector&&d.addEventListener&&\"undefined\"!=typeof URL&&(d.wp=d.wp||{},d.wp.receiveEmbedMessage||(d.wp.receiveEmbedMessage=function(e){var t=e.data;if((t||t.secret||t.message||t.value)&&!\/[^a-zA-Z0-9]\/.test(t.secret)){for(var s,r,n,a=l.querySelectorAll('iframe[data-secret=\"'+t.secret+'\"]'),o=l.querySelectorAll('blockquote[data-secret=\"'+t.secret+'\"]'),c=new RegExp(\"^https?:$\",\"i\"),i=0;i<o.length;i++)o[i].style.display=\"none\";for(i=0;i<a.length;i++)s=a[i],e.source===s.contentWindow&&(s.removeAttribute(\"style\"),\"height\"===t.message?(1e3<(r=parseInt(t.value,10))?r=1e3:~~r<200&&(r=200),s.height=r):\"link\"===t.message&&(r=new URL(s.getAttribute(\"src\")),n=new URL(t.value),c.test(n.protocol))&&n.host===r.host&&l.activeElement===s&&(d.top.location.href=t.value))}},d.addEventListener(\"message\",d.wp.receiveEmbedMessage,!1),l.addEventListener(\"DOMContentLoaded\",function(){for(var e,t,s=l.querySelectorAll(\"iframe.wp-embedded-content\"),r=0;r<s.length;r++)(t=(e=s[r]).getAttribute(\"data-secret\"))||(t=Math.random().toString(36).substring(2,12),e.src+=\"#?secret=\"+t,e.setAttribute(\"data-secret\",t)),e.contentWindow.postMessage({message:\"ready\",secret:t},\"*\")},!1)))}(window,document);\n\/\/# sourceURL=https:\/\/www.apres-lecole.fr\/Blog\/wp-includes\/js\/wp-embed.min.js\n<\/script>\n","thumbnail_url":"https:\/\/www.apres-lecole.fr\/Blog\/wp-content\/uploads\/2025\/05\/A-Guipry-Messac-200-professionnels-discutent-des-defis-de-linclusion-scolaire-face-aux-manques-de-ressources.jpg","thumbnail_width":1344,"thumbnail_height":768,"description":"D\u00e9couvrez comment 200 professionnels \u00e0 Guipry-Messac \u00e9changent sur les enjeux de l'inclusion scolaire face aux d\u00e9fis li\u00e9s aux ressources insuffisantes. Rejoignez la conversation sur les solutions innovantes et les meilleures pratiques pour am\u00e9liorer l'acc\u00e8s \u00e0 l'\u00e9ducation pour tous."}

À Guipry-Messac, les enjeux de l'inclusion scolaire face aux ressources limitées

<blockquote class="wp-embedded-content" data-secret="oHylJ0ed9n"><a href="https://www.apres-lecole.fr/Blog/inclusion-scolaire-guipry-messac/">À Guipry-Messac, 200 professionnels discutent des défis de l&rsquo;inclusion scolaire face aux manques de ressources</a></blockquote><iframe sandbox="allow-scripts" security="restricted" src="https://www.apres-lecole.fr/Blog/inclusion-scolaire-guipry-messac/embed/#?secret=oHylJ0ed9n" width="600" height="338" title="« À Guipry-Messac, 200 professionnels discutent des défis de l&rsquo;inclusion scolaire face aux manques de ressources » &#8212; " data-secret="oHylJ0ed9n" frameborder="0" marginwidth="0" marginheight="0" scrolling="no" class="wp-embedded-content"></iframe><script>
/*! This file is auto-generated */
!function(d,l){"use strict";l.querySelector&&d.addEventListener&&"undefined"!=typeof URL&&(d.wp=d.wp||{},d.wp.receiveEmbedMessage||(d.wp.receiveEmbedMessage=function(e){var t=e.data;if((t||t.secret||t.message||t.value)&&!/[^a-zA-Z0-9]/.test(t.secret)){for(var s,r,n,a=l.querySelectorAll('iframe[data-secret="'+t.secret+'"]'),o=l.querySelectorAll('blockquote[data-secret="'+t.secret+'"]'),c=new RegExp("^https?:$","i"),i=0;i<o.length;i++)o[i].style.display="none";for(i=0;i<a.length;i++)s=a[i],e.source===s.contentWindow&&(s.removeAttribute("style"),"height"===t.message?(1e3<(r=parseInt(t.value,10))?r=1e3:~~r<200&&(r=200),s.height=r):"link"===t.message&&(r=new URL(s.getAttribute("src")),n=new URL(t.value),c.test(n.protocol))&&n.host===r.host&&l.activeElement===s&&(d.top.location.href=t.value))}},d.addEventListener("message",d.wp.receiveEmbedMessage,!1),l.addEventListener("DOMContentLoaded",function(){for(var e,t,s=l.querySelectorAll("iframe.wp-embedded-content"),r=0;r<s.length;r++)(t=(e=s[r]).getAttribute("data-secret"))||(t=Math.random().toString(36).substring(2,12),e.src+="#?secret="+t,e.setAttribute("data-secret",t)),e.contentWindow.postMessage({message:"ready",secret:t},"*")},!1)))}(window,document);
//# sourceURL=https://www.apres-lecole.fr/Blog/wp-includes/js/wp-embed.min.js
</script>

Découvrez comment 200 professionnels à Guipry-Messac échangent sur les enjeux de l'inclusion scolaire face aux défis liés aux ressources insuffisantes. Rejoignez la conversation sur les solutions innovantes et les meilleures pratiques pour améliorer l'accès à l'éducation pour tous.
