{"version":"1.0","provider_name":"","provider_url":"https:\/\/www.apres-lecole.fr\/Blog","author_name":"Eva Martin","author_url":"https:\/\/www.apres-lecole.fr\/Blog\/author\/evamartin\/","title":"Mark Zuckerberg ferme son \u00e9cole pour enfants d\u00e9favoris\u00e9s apr\u00e8s son soutien \u00e0 Trump","type":"rich","width":600,"height":338,"html":"<blockquote class=\"wp-embedded-content\" data-secret=\"FTRPlPbKgU\"><a href=\"https:\/\/www.apres-lecole.fr\/Blog\/fermeture-ecole-zuckerberg\/\">Mark Zuckerberg annonce la fermeture de son \u00e9cole pour enfants d\u00e9favoris\u00e9s apr\u00e8s avoir soutenu Trump<\/a><\/blockquote><iframe sandbox=\"allow-scripts\" security=\"restricted\" src=\"https:\/\/www.apres-lecole.fr\/Blog\/fermeture-ecole-zuckerberg\/embed\/#?secret=FTRPlPbKgU\" width=\"600\" height=\"338\" title=\"\u00ab\u00a0Mark Zuckerberg annonce la fermeture de son \u00e9cole pour enfants d\u00e9favoris\u00e9s apr\u00e8s avoir soutenu Trump\u00a0\u00bb &#8212; \" data-secret=\"FTRPlPbKgU\" frameborder=\"0\" marginwidth=\"0\" marginheight=\"0\" scrolling=\"no\" class=\"wp-embedded-content\"><\/iframe><script>\n\/*! This file is auto-generated *\/\n!function(d,l){\"use strict\";l.querySelector&&d.addEventListener&&\"undefined\"!=typeof URL&&(d.wp=d.wp||{},d.wp.receiveEmbedMessage||(d.wp.receiveEmbedMessage=function(e){var t=e.data;if((t||t.secret||t.message||t.value)&&!\/[^a-zA-Z0-9]\/.test(t.secret)){for(var s,r,n,a=l.querySelectorAll('iframe[data-secret=\"'+t.secret+'\"]'),o=l.querySelectorAll('blockquote[data-secret=\"'+t.secret+'\"]'),c=new RegExp(\"^https?:$\",\"i\"),i=0;i<o.length;i++)o[i].style.display=\"none\";for(i=0;i<a.length;i++)s=a[i],e.source===s.contentWindow&&(s.removeAttribute(\"style\"),\"height\"===t.message?(1e3<(r=parseInt(t.value,10))?r=1e3:~~r<200&&(r=200),s.height=r):\"link\"===t.message&&(r=new URL(s.getAttribute(\"src\")),n=new URL(t.value),c.test(n.protocol))&&n.host===r.host&&l.activeElement===s&&(d.top.location.href=t.value))}},d.addEventListener(\"message\",d.wp.receiveEmbedMessage,!1),l.addEventListener(\"DOMContentLoaded\",function(){for(var e,t,s=l.querySelectorAll(\"iframe.wp-embedded-content\"),r=0;r<s.length;r++)(t=(e=s[r]).getAttribute(\"data-secret\"))||(t=Math.random().toString(36).substring(2,12),e.src+=\"#?secret=\"+t,e.setAttribute(\"data-secret\",t)),e.contentWindow.postMessage({message:\"ready\",secret:t},\"*\")},!1)))}(window,document);\n\/\/# sourceURL=https:\/\/www.apres-lecole.fr\/Blog\/wp-includes\/js\/wp-embed.min.js\n<\/script>\n","description":"D\u00e9couvrez les cons\u00e9quences entourant l'annonce de Mark Zuckerberg concernant la fermeture de son \u00e9cole pour enfants d\u00e9favoris\u00e9s, une d\u00e9cision controvers\u00e9e sur fond de soutien \u00e0 Trump. Analyse des implications sociales et politiques de ce choix, ainsi que des r\u00e9actions des communaut\u00e9s touch\u00e9es."}

Mark Zuckerberg ferme son école pour enfants défavorisés après son soutien à Trump

<blockquote class="wp-embedded-content" data-secret="FTRPlPbKgU"><a href="https://www.apres-lecole.fr/Blog/fermeture-ecole-zuckerberg/">Mark Zuckerberg annonce la fermeture de son école pour enfants défavorisés après avoir soutenu Trump</a></blockquote><iframe sandbox="allow-scripts" security="restricted" src="https://www.apres-lecole.fr/Blog/fermeture-ecole-zuckerberg/embed/#?secret=FTRPlPbKgU" width="600" height="338" title="« Mark Zuckerberg annonce la fermeture de son école pour enfants défavorisés après avoir soutenu Trump » &#8212; " data-secret="FTRPlPbKgU" frameborder="0" marginwidth="0" marginheight="0" scrolling="no" class="wp-embedded-content"></iframe><script>
/*! This file is auto-generated */
!function(d,l){"use strict";l.querySelector&&d.addEventListener&&"undefined"!=typeof URL&&(d.wp=d.wp||{},d.wp.receiveEmbedMessage||(d.wp.receiveEmbedMessage=function(e){var t=e.data;if((t||t.secret||t.message||t.value)&&!/[^a-zA-Z0-9]/.test(t.secret)){for(var s,r,n,a=l.querySelectorAll('iframe[data-secret="'+t.secret+'"]'),o=l.querySelectorAll('blockquote[data-secret="'+t.secret+'"]'),c=new RegExp("^https?:$","i"),i=0;i<o.length;i++)o[i].style.display="none";for(i=0;i<a.length;i++)s=a[i],e.source===s.contentWindow&&(s.removeAttribute("style"),"height"===t.message?(1e3<(r=parseInt(t.value,10))?r=1e3:~~r<200&&(r=200),s.height=r):"link"===t.message&&(r=new URL(s.getAttribute("src")),n=new URL(t.value),c.test(n.protocol))&&n.host===r.host&&l.activeElement===s&&(d.top.location.href=t.value))}},d.addEventListener("message",d.wp.receiveEmbedMessage,!1),l.addEventListener("DOMContentLoaded",function(){for(var e,t,s=l.querySelectorAll("iframe.wp-embedded-content"),r=0;r<s.length;r++)(t=(e=s[r]).getAttribute("data-secret"))||(t=Math.random().toString(36).substring(2,12),e.src+="#?secret="+t,e.setAttribute("data-secret",t)),e.contentWindow.postMessage({message:"ready",secret:t},"*")},!1)))}(window,document);
//# sourceURL=https://www.apres-lecole.fr/Blog/wp-includes/js/wp-embed.min.js
</script>

Découvrez les conséquences entourant l'annonce de Mark Zuckerberg concernant la fermeture de son école pour enfants défavorisés, une décision controversée sur fond de soutien à Trump. Analyse des implications sociales et politiques de ce choix, ainsi que des réactions des communautés touchées.
