{"version":"1.0","provider_name":"","provider_url":"https:\/\/www.apres-lecole.fr\/Blog","author_name":"Eva Martin","author_url":"https:\/\/www.apres-lecole.fr\/Blog\/author\/evamartin\/","title":"\u00c0 Brest, les \u00e9l\u00e8ves de Jean-de La Fontaine explorent terre et mer","type":"rich","width":600,"height":338,"html":"<blockquote class=\"wp-embedded-content\" data-secret=\"jDmyT27d2N\"><a href=\"https:\/\/www.apres-lecole.fr\/Blog\/eleves-brest-terre-mer\/\">\u00c0 Brest, des \u00e9l\u00e8ves de l&rsquo;\u00e9cole Jean-de La Fontaine naviguent entre terre et mer<\/a><\/blockquote><iframe sandbox=\"allow-scripts\" security=\"restricted\" src=\"https:\/\/www.apres-lecole.fr\/Blog\/eleves-brest-terre-mer\/embed\/#?secret=jDmyT27d2N\" width=\"600\" height=\"338\" title=\"\u00ab\u00a0\u00c0 Brest, des \u00e9l\u00e8ves de l&rsquo;\u00e9cole Jean-de La Fontaine naviguent entre terre et mer\u00a0\u00bb &#8212; \" data-secret=\"jDmyT27d2N\" frameborder=\"0\" marginwidth=\"0\" marginheight=\"0\" scrolling=\"no\" class=\"wp-embedded-content\"><\/iframe><script>\n\/*! This file is auto-generated *\/\n!function(d,l){\"use strict\";l.querySelector&&d.addEventListener&&\"undefined\"!=typeof URL&&(d.wp=d.wp||{},d.wp.receiveEmbedMessage||(d.wp.receiveEmbedMessage=function(e){var t=e.data;if((t||t.secret||t.message||t.value)&&!\/[^a-zA-Z0-9]\/.test(t.secret)){for(var s,r,n,a=l.querySelectorAll('iframe[data-secret=\"'+t.secret+'\"]'),o=l.querySelectorAll('blockquote[data-secret=\"'+t.secret+'\"]'),c=new RegExp(\"^https?:$\",\"i\"),i=0;i<o.length;i++)o[i].style.display=\"none\";for(i=0;i<a.length;i++)s=a[i],e.source===s.contentWindow&&(s.removeAttribute(\"style\"),\"height\"===t.message?(1e3<(r=parseInt(t.value,10))?r=1e3:~~r<200&&(r=200),s.height=r):\"link\"===t.message&&(r=new URL(s.getAttribute(\"src\")),n=new URL(t.value),c.test(n.protocol))&&n.host===r.host&&l.activeElement===s&&(d.top.location.href=t.value))}},d.addEventListener(\"message\",d.wp.receiveEmbedMessage,!1),l.addEventListener(\"DOMContentLoaded\",function(){for(var e,t,s=l.querySelectorAll(\"iframe.wp-embedded-content\"),r=0;r<s.length;r++)(t=(e=s[r]).getAttribute(\"data-secret\"))||(t=Math.random().toString(36).substring(2,12),e.src+=\"#?secret=\"+t,e.setAttribute(\"data-secret\",t)),e.contentWindow.postMessage({message:\"ready\",secret:t},\"*\")},!1)))}(window,document);\n\/\/# sourceURL=https:\/\/www.apres-lecole.fr\/Blog\/wp-includes\/js\/wp-embed.min.js\n<\/script>\n","description":"D\u00e9couvrez comment les \u00e9l\u00e8ves de l'\u00e9cole Jean-de La Fontaine \u00e0 Brest apprennent \u00e0 naviguer entre terre et mer. Un projet \u00e9ducatif unique qui allie exploration maritime et apprentissage pratique, favorisant la curiosit\u00e9 et l'\u00e9veil des jeunes esprits. Plongez dans cette aventure enrichissante qui rapproche les \u00e9l\u00e8ves de la nature et des traditions maritimes de leur r\u00e9gion."}

À Brest, les élèves de Jean-de La Fontaine explorent terre et mer

<blockquote class="wp-embedded-content" data-secret="jDmyT27d2N"><a href="https://www.apres-lecole.fr/Blog/eleves-brest-terre-mer/">À Brest, des élèves de l&rsquo;école Jean-de La Fontaine naviguent entre terre et mer</a></blockquote><iframe sandbox="allow-scripts" security="restricted" src="https://www.apres-lecole.fr/Blog/eleves-brest-terre-mer/embed/#?secret=jDmyT27d2N" width="600" height="338" title="« À Brest, des élèves de l&rsquo;école Jean-de La Fontaine naviguent entre terre et mer » &#8212; " data-secret="jDmyT27d2N" frameborder="0" marginwidth="0" marginheight="0" scrolling="no" class="wp-embedded-content"></iframe><script>
/*! This file is auto-generated */
!function(d,l){"use strict";l.querySelector&&d.addEventListener&&"undefined"!=typeof URL&&(d.wp=d.wp||{},d.wp.receiveEmbedMessage||(d.wp.receiveEmbedMessage=function(e){var t=e.data;if((t||t.secret||t.message||t.value)&&!/[^a-zA-Z0-9]/.test(t.secret)){for(var s,r,n,a=l.querySelectorAll('iframe[data-secret="'+t.secret+'"]'),o=l.querySelectorAll('blockquote[data-secret="'+t.secret+'"]'),c=new RegExp("^https?:$","i"),i=0;i<o.length;i++)o[i].style.display="none";for(i=0;i<a.length;i++)s=a[i],e.source===s.contentWindow&&(s.removeAttribute("style"),"height"===t.message?(1e3<(r=parseInt(t.value,10))?r=1e3:~~r<200&&(r=200),s.height=r):"link"===t.message&&(r=new URL(s.getAttribute("src")),n=new URL(t.value),c.test(n.protocol))&&n.host===r.host&&l.activeElement===s&&(d.top.location.href=t.value))}},d.addEventListener("message",d.wp.receiveEmbedMessage,!1),l.addEventListener("DOMContentLoaded",function(){for(var e,t,s=l.querySelectorAll("iframe.wp-embedded-content"),r=0;r<s.length;r++)(t=(e=s[r]).getAttribute("data-secret"))||(t=Math.random().toString(36).substring(2,12),e.src+="#?secret="+t,e.setAttribute("data-secret",t)),e.contentWindow.postMessage({message:"ready",secret:t},"*")},!1)))}(window,document);
//# sourceURL=https://www.apres-lecole.fr/Blog/wp-includes/js/wp-embed.min.js
</script>

Découvrez comment les élèves de l'école Jean-de La Fontaine à Brest apprennent à naviguer entre terre et mer. Un projet éducatif unique qui allie exploration maritime et apprentissage pratique, favorisant la curiosité et l'éveil des jeunes esprits. Plongez dans cette aventure enrichissante qui rapproche les élèves de la nature et des traditions maritimes de leur région.
