{"version":"1.0","provider_name":"","provider_url":"https:\/\/www.apres-lecole.fr\/Blog","author_name":"Eva Martin","author_url":"https:\/\/www.apres-lecole.fr\/Blog\/author\/evamartin\/","title":"La cession d'un \u00e9tablissement scolaire : inqui\u00e9tudes des parents face \u00e0 la privatisation","type":"rich","width":600,"height":338,"html":"<blockquote class=\"wp-embedded-content\" data-secret=\"fprnYrbBVP\"><a href=\"https:\/\/www.apres-lecole.fr\/Blog\/cession-batiment-scolaire-prive\/\">La cession imminente d&rsquo;un b\u00e2timent scolaire public \u00e0 une \u00e9cole priv\u00e9e suscite des pr\u00e9occupations parmi les parents d&rsquo;\u00e9l\u00e8ves<\/a><\/blockquote><iframe sandbox=\"allow-scripts\" security=\"restricted\" src=\"https:\/\/www.apres-lecole.fr\/Blog\/cession-batiment-scolaire-prive\/embed\/#?secret=fprnYrbBVP\" width=\"600\" height=\"338\" title=\"\u00ab\u00a0La cession imminente d&rsquo;un b\u00e2timent scolaire public \u00e0 une \u00e9cole priv\u00e9e suscite des pr\u00e9occupations parmi les parents d&rsquo;\u00e9l\u00e8ves\u00a0\u00bb &#8212; \" data-secret=\"fprnYrbBVP\" frameborder=\"0\" marginwidth=\"0\" marginheight=\"0\" scrolling=\"no\" class=\"wp-embedded-content\"><\/iframe><script>\n\/*! This file is auto-generated *\/\n!function(d,l){\"use strict\";l.querySelector&&d.addEventListener&&\"undefined\"!=typeof URL&&(d.wp=d.wp||{},d.wp.receiveEmbedMessage||(d.wp.receiveEmbedMessage=function(e){var t=e.data;if((t||t.secret||t.message||t.value)&&!\/[^a-zA-Z0-9]\/.test(t.secret)){for(var s,r,n,a=l.querySelectorAll('iframe[data-secret=\"'+t.secret+'\"]'),o=l.querySelectorAll('blockquote[data-secret=\"'+t.secret+'\"]'),c=new RegExp(\"^https?:$\",\"i\"),i=0;i<o.length;i++)o[i].style.display=\"none\";for(i=0;i<a.length;i++)s=a[i],e.source===s.contentWindow&&(s.removeAttribute(\"style\"),\"height\"===t.message?(1e3<(r=parseInt(t.value,10))?r=1e3:~~r<200&&(r=200),s.height=r):\"link\"===t.message&&(r=new URL(s.getAttribute(\"src\")),n=new URL(t.value),c.test(n.protocol))&&n.host===r.host&&l.activeElement===s&&(d.top.location.href=t.value))}},d.addEventListener(\"message\",d.wp.receiveEmbedMessage,!1),l.addEventListener(\"DOMContentLoaded\",function(){for(var e,t,s=l.querySelectorAll(\"iframe.wp-embedded-content\"),r=0;r<s.length;r++)(t=(e=s[r]).getAttribute(\"data-secret\"))||(t=Math.random().toString(36).substring(2,12),e.src+=\"#?secret=\"+t,e.setAttribute(\"data-secret\",t)),e.contentWindow.postMessage({message:\"ready\",secret:t},\"*\")},!1)))}(window,document);\n\/\/# sourceURL=https:\/\/www.apres-lecole.fr\/Blog\/wp-includes\/js\/wp-embed.min.js\n<\/script>\n","description":"D\u00e9couvrez les inqui\u00e9tudes grandissantes des parents d'\u00e9l\u00e8ves face \u00e0 la cession imminente d'un b\u00e2timent scolaire public \u00e0 une \u00e9cole priv\u00e9e. Cette situation soul\u00e8ve des questions sur l'avenir de l'\u00e9ducation publique et l'acc\u00e8s des enfants \u00e0 des infrastructures scolaires de qualit\u00e9."}

La cession d'un établissement scolaire : inquiétudes des parents face à la privatisation

<blockquote class="wp-embedded-content" data-secret="fprnYrbBVP"><a href="https://www.apres-lecole.fr/Blog/cession-batiment-scolaire-prive/">La cession imminente d&rsquo;un bâtiment scolaire public à une école privée suscite des préoccupations parmi les parents d&rsquo;élèves</a></blockquote><iframe sandbox="allow-scripts" security="restricted" src="https://www.apres-lecole.fr/Blog/cession-batiment-scolaire-prive/embed/#?secret=fprnYrbBVP" width="600" height="338" title="« La cession imminente d&rsquo;un bâtiment scolaire public à une école privée suscite des préoccupations parmi les parents d&rsquo;élèves » &#8212; " data-secret="fprnYrbBVP" frameborder="0" marginwidth="0" marginheight="0" scrolling="no" class="wp-embedded-content"></iframe><script>
/*! This file is auto-generated */
!function(d,l){"use strict";l.querySelector&&d.addEventListener&&"undefined"!=typeof URL&&(d.wp=d.wp||{},d.wp.receiveEmbedMessage||(d.wp.receiveEmbedMessage=function(e){var t=e.data;if((t||t.secret||t.message||t.value)&&!/[^a-zA-Z0-9]/.test(t.secret)){for(var s,r,n,a=l.querySelectorAll('iframe[data-secret="'+t.secret+'"]'),o=l.querySelectorAll('blockquote[data-secret="'+t.secret+'"]'),c=new RegExp("^https?:$","i"),i=0;i<o.length;i++)o[i].style.display="none";for(i=0;i<a.length;i++)s=a[i],e.source===s.contentWindow&&(s.removeAttribute("style"),"height"===t.message?(1e3<(r=parseInt(t.value,10))?r=1e3:~~r<200&&(r=200),s.height=r):"link"===t.message&&(r=new URL(s.getAttribute("src")),n=new URL(t.value),c.test(n.protocol))&&n.host===r.host&&l.activeElement===s&&(d.top.location.href=t.value))}},d.addEventListener("message",d.wp.receiveEmbedMessage,!1),l.addEventListener("DOMContentLoaded",function(){for(var e,t,s=l.querySelectorAll("iframe.wp-embedded-content"),r=0;r<s.length;r++)(t=(e=s[r]).getAttribute("data-secret"))||(t=Math.random().toString(36).substring(2,12),e.src+="#?secret="+t,e.setAttribute("data-secret",t)),e.contentWindow.postMessage({message:"ready",secret:t},"*")},!1)))}(window,document);
//# sourceURL=https://www.apres-lecole.fr/Blog/wp-includes/js/wp-embed.min.js
</script>

Découvrez les inquiétudes grandissantes des parents d'élèves face à la cession imminente d'un bâtiment scolaire public à une école privée. Cette situation soulève des questions sur l'avenir de l'éducation publique et l'accès des enfants à des infrastructures scolaires de qualité.
